{"id":3947,"date":"2013-05-31T14:29:51","date_gmt":"2013-05-31T14:29:51","guid":{"rendered":"http:\/\/farmaciagiannoni.it\/web\/?page_id=3947"},"modified":"2013-07-12T11:37:49","modified_gmt":"2013-07-12T10:37:49","slug":"3947-2","status":"publish","type":"page","link":"https:\/\/farmaciagiannoni.it\/","title":{"rendered":"Home"},"content":{"rendered":"<p style=\"text-align: left;\"><section class=\"reading-box clearfix\" style=\"background-color:#fff !important;border-width:1px;border-color:#e8e6e6!important;border-top-width:3px !important;border-top-color:#a0ce4e!important;border-style:solid;\"><p>Quella della famiglia Giannoni \u00e8 una storica Farmacia di Castrovillari, attiva fin dal lontano 1949. Posta nel cuore della cittadina sita nella Conca del Re, ai piedi della catena del Pollino, nodo strategico naturale, la Farmacia Giannoni \u00e8 da sempre un punto di riferimento al servizio dei cittadini dei comuni limitrofi. Sempre al passo con i tempi, la Farmacia Giannoni offre ai propri clienti e pazienti cure e servizi sempre fra i pi\u00f9 qualificati ed innovativi.<\/p><div class=\"tagline-shadow\"><\/div><\/section>\n<div class=\"title\"><h2>Novit\u00e0&amp;Promozioni<\/h2><div class=\"title-sep-container\"><div class=\"title-sep\"><\/div><\/div><\/div>\n<div class=\"avada-container\"><section class=\"columns columns-4\" style=\"width:100%\"><div class=\"holder\"><article class=\"col\"><h4><a href=\"https:\/\/farmaciagiannoni.it\/?p=5288\">Cappadocia Tours 2025<\/a><\/h4><ul class=\"meta\"><li><em class=\"date\">Luglio 6th, 2024<\/em><\/li><\/ul><p><p>Discover the Magic of Cappadocia Tours 2025<br \/>\nEmbark on an unforgettable journey with Cappadocia Tours [&#8230;]<\/p>\n<\/p><\/article><article class=\"col\"><h4><a href=\"https:\/\/farmaciagiannoni.it\/?p=5279\">Kad\u0131k\u00f6y T\u0131kan\u0131kl\u0131k A\u00e7ma<\/a><\/h4><ul class=\"meta\"><li><em class=\"date\">Giugno 7th, 2024<\/em><\/li><\/ul><p><p>Kad\u0131k\u00f6y T\u0131kan\u0131kl\u0131k A\u00e7maKad\u0131k\u00f6y Su Ka\u00e7a\u011f\u0131 Tespiti<\/p>\n<p>Kad\u0131k\u00f6y su ka\u00e7a\u011f\u0131 tespiti yaparken yeni yap\u0131larda bile bu [&#8230;]<\/p>\n<\/p><\/article><article class=\"col\"><h4><a href=\"https:\/\/farmaciagiannoni.it\/?p=5277\">Kad\u0131k\u00f6y Klozet T\u0131kan\u0131kl\u0131\u011f\u0131<\/a><\/h4><ul class=\"meta\"><li><em class=\"date\">Giugno 7th, 2024<\/em><\/li><\/ul><p><p>Kad\u0131k\u00f6y Klozet T\u0131kan\u0131kl\u0131\u011f\u0131Kad\u0131k\u00f6y Su Ka\u00e7a\u011f\u0131 Tespiti<\/p>\n<p>Kad\u0131k\u00f6y su ka\u00e7a\u011f\u0131 tespiti yapan bir \u00e7ok firma var. [&#8230;]<\/p>\n<\/p><\/article><article class=\"col\"><h4><a href=\"https:\/\/farmaciagiannoni.it\/?p=5275\">\u00dcmraniye Mutfak Gideri A\u00e7ma<\/a><\/h4><ul class=\"meta\"><li><em class=\"date\">Maggio 31st, 2024<\/em><\/li><\/ul><p><p>\u00dcmraniye Mutfak Gideri A\u00e7ma\u00dcmraniye Su Tesisat\u00e7\u0131s\u0131: 20 Dakikada Kap\u0131n\u0131zda!<br \/>\n\u00dcmraniye su tesisat\u00e7\u0131s\u0131 olarak, 20 dakika [&#8230;]<\/p>\n<\/p><\/article><\/div><\/section><\/div>\n","protected":false},"excerpt":{"rendered":"","protected":false},"author":1,"featured_media":0,"parent":0,"menu_order":0,"comment_status":"open","ping_status":"open","template":"full-width.php","meta":[],"_links":{"self":[{"href":"https:\/\/farmaciagiannoni.it\/index.php?rest_route=\/wp\/v2\/pages\/3947"}],"collection":[{"href":"https:\/\/farmaciagiannoni.it\/index.php?rest_route=\/wp\/v2\/pages"}],"about":[{"href":"https:\/\/farmaciagiannoni.it\/index.php?rest_route=\/wp\/v2\/types\/page"}],"author":[{"embeddable":true,"href":"https:\/\/farmaciagiannoni.it\/index.php?rest_route=\/wp\/v2\/users\/1"}],"replies":[{"embeddable":true,"href":"https:\/\/farmaciagiannoni.it\/index.php?rest_route=%2Fwp%2Fv2%2Fcomments&post=3947"}],"version-history":[{"count":39,"href":"https:\/\/farmaciagiannoni.it\/index.php?rest_route=\/wp\/v2\/pages\/3947\/revisions"}],"predecessor-version":[{"id":3953,"href":"https:\/\/farmaciagiannoni.it\/index.php?rest_route=\/wp\/v2\/pages\/3947\/revisions\/3953"}],"wp:attachment":[{"href":"https:\/\/farmaciagiannoni.it\/index.php?rest_route=%2Fwp%2Fv2%2Fmedia&parent=3947"}],"curies":[{"name":"wp","href":"https:\/\/api.w.org\/{rel}","templated":true}]}}